{"id":465,"date":"2026-02-03T10:40:54","date_gmt":"2026-02-03T13:40:54","guid":{"rendered":"https:\/\/arqui360.com\/?post_type=product&#038;p=465"},"modified":"2026-02-03T10:40:54","modified_gmt":"2026-02-03T13:40:54","slug":"racao-green-paws-gatos-castrados-pele-sensivel-sabor-cordeiro-101kg","status":"publish","type":"product","link":"https:\/\/arqui360.com\/index.php\/product\/racao-green-paws-gatos-castrados-pele-sensivel-sabor-cordeiro-101kg\/","title":{"rendered":"Ra\u00e7\u00e3o Green Paws Gatos Castrados Pele Sens\u00edvel Sabor Cordeiro 10,1kg"},"content":{"rendered":"","protected":false},"excerpt":{"rendered":"<div class=\"ybxj32\">\n<h3 class=\"VJOnTD\">Observa\u00e7\u00f5es com a sa\u00fade<\/h3>\n<div>Digest\u00e3o sens\u00edvel, Controle de peso<\/div>\n<\/div>\n<div class=\"ybxj32\">\n<h3 class=\"VJOnTD\">Fase da Vida<\/h3>\n<div>Adulto<\/div>\n<\/div>\n<div class=\"ybxj32\">\n<h3 class=\"VJOnTD\">Formato de ra\u00e7\u00e3o para pets<\/h3>\n<div>Ra\u00e7\u00e3o seca<\/div>\n<\/div>\n<div class=\"ybxj32\">\n<h3 class=\"VJOnTD\">Fun\u00e7\u00f5es da medica\u00e7\u00e3o<\/h3>\n<div>Cuidado dent\u00e1rio, Cuidado dos pelos e pele, Aumentar a Imunidade, Cuidado urin\u00e1rio<\/div>\n<\/div>\n","protected":false},"featured_media":466,"comment_status":"open","ping_status":"closed","template":"","meta":[],"product_brand":[],"product_cat":[21],"product_tag":[],"class_list":{"0":"post-465","1":"product","2":"type-product","3":"status-publish","4":"has-post-thumbnail","6":"product_cat-gatos","8":"first","9":"instock","10":"shipping-taxable","11":"purchasable","12":"product-type-simple"},"_links":{"self":[{"href":"https:\/\/arqui360.com\/index.php\/wp-json\/wp\/v2\/product\/465","targetHints":{"allow":["GET"]}}],"collection":[{"href":"https:\/\/arqui360.com\/index.php\/wp-json\/wp\/v2\/product"}],"about":[{"href":"https:\/\/arqui360.com\/index.php\/wp-json\/wp\/v2\/types\/product"}],"replies":[{"embeddable":true,"href":"https:\/\/arqui360.com\/index.php\/wp-json\/wp\/v2\/comments?post=465"}],"wp:featuredmedia":[{"embeddable":true,"href":"https:\/\/arqui360.com\/index.php\/wp-json\/wp\/v2\/media\/466"}],"wp:attachment":[{"href":"https:\/\/arqui360.com\/index.php\/wp-json\/wp\/v2\/media?parent=465"}],"wp:term":[{"taxonomy":"product_brand","embeddable":true,"href":"https:\/\/arqui360.com\/index.php\/wp-json\/wp\/v2\/product_brand?post=465"},{"taxonomy":"product_cat","embeddable":true,"href":"https:\/\/arqui360.com\/index.php\/wp-json\/wp\/v2\/product_cat?post=465"},{"taxonomy":"product_tag","embeddable":true,"href":"https:\/\/arqui360.com\/index.php\/wp-json\/wp\/v2\/product_tag?post=465"}],"curies":[{"name":"wp","href":"https:\/\/api.w.org\/{rel}","templated":true}]}}